{"id":969,"date":"2025-05-27T14:44:51","date_gmt":"2025-05-27T12:44:51","guid":{"rendered":"https:\/\/carlosacosta.com.co\/fenix\/?page_id=969"},"modified":"2025-10-29T16:46:29","modified_gmt":"2025-10-29T15:46:29","slug":"servicios-especiales","status":"publish","type":"page","link":"https:\/\/mifenixcargo.com\/web\/servicios-especiales\/","title":{"rendered":"Servicios Especiales"},"content":{"rendered":"<div id=\"pl-969\"  class=\"panel-layout\" ><div id=\"pg-969-0\"  class=\"panel-grid panel-has-style\" ><div class=\"aos-fade-down siteorigin-panels-stretch panel-row-style panel-row-style-for-969-0\" data-stretch-type=\"full-width-stretch\" ><div id=\"pgc-969-0-0\"  class=\"panel-grid-cell\" ><div id=\"panel-969-0-0-0\" class=\"so-panel widget widget_themegrill_flash_heading tg-widget section-title-wrapper panel-first-child panel-last-child\" data-index=\"0\" ><div class=\"fondoencabezadofinal flash_inherit_color panel-widget-style panel-widget-style-for-969-0-0-0\" >\t<h3 class=\"section-title\">SERVICIOS ESPECIALES<\/h3>\n\t<div class=\"section-description\">Soluciones para necesidades log\u00edsticas no convencionales<\/div>\n<\/div><\/div><\/div><\/div><\/div>\n\t\t\t<video \n\t\t\t\tid=\"so_bgvideo_69fb73213ad95\" \n\t\t\t\tclass=\"so_video_bg jquery-background-video\" \n\t\t\t\tloop \n\t\t\t\tautoplay \n\t\t\t\tplaysinline\n\t\t\t\tmuted\n\t\t\t\tdata-bgvideo\n\t\t\t\tposter=\"https:\/\/mifenixcargo.com\/web\/wp-content\/uploads\/2025\/10\/mc2.jpg\"\t\t\t\tdata-bgvideo-fade-in=\"500\"\t\t\t\tdata-bgvideo-pause-after=\"120\"\t\t\t\tdata-bgvideo-show-pause-play=false\t\t\t\tdata-bgvideo-pause-play-x-pos=\"right\"\t\t\t\tdata-bgvideo-pause-play-y-pos=\"top\" \n\t\t\t\t>\n\t\t\t\t\t<source src=\"https:\/\/mifenixcargo.com\/web\/wp-content\/uploads\/2025\/06\/151817-801681453_small.mp4\" type=\"video\/mp4\">\t\t\t\t\t\t\t\t\t\t\t\t\t<\/video>\n\n\t\t\t\n\t\t\t<script type=\"text\/javascript\">\n\t\t\t(function() {\n\t\t\t\t\/\/ Move the video and container into the row as the first child\n\t\t\t\tvar video_tag = document.getElementById(\"so_bgvideo_69fb73213ad95\");\n\t\t\t\tvar video_overlay = document.getElementById(\"so_bgvideo_overlay_69fb73213ad95\");\n\t\t\t\tvar video_row = video_tag.previousSibling;\n\t\t\t\twhile(video_row && video_row.nodeType != 1) {\n\t\t\t\t\tvideo_row = video_row.previousSibling;\n\t\t\t\t}\n\t\t\t\tvar row_inner = video_row.firstChild;\n\t\t\t\trow_inner.insertBefore( video_tag, row_inner.firstChild );\n\t\t\t\tif( video_overlay ) {\n\t\t\t\t\trow_inner.insertBefore( video_overlay, video_tag.nextSibling);\n\t\t\t\t}\n\t\t\t\trow_inner.className += ' so_video_bg_row jquery-background-video-wrapper';\n\t\t\t\tvideo_tag.play();\n\t\t\t}());\n\t\t\t<\/script>\n\n\t\t\t<div id=\"pg-969-1\"  class=\"panel-grid panel-has-style\" ><div class=\"siteorigin-panels-stretch panel-row-style panel-row-style-for-969-1\" id=\"transporteglobal\" data-stretch-type=\"full\" ><div id=\"pgc-969-1-0\"  class=\"panel-grid-cell\" ><div id=\"panel-969-1-0-0\" class=\"so-panel widget widget_text panel-first-child panel-last-child\" data-index=\"1\" ><div class=\"aos-fade-down panel-widget-style panel-widget-style-for-969-1-0-0\" >\t\t\t<div class=\"textwidget\"><p>En el complejo mundo del transporte y la cadena de suministro, a menudo surgen desaf\u00edos que requieren una experticia y recursos m\u00e1s all\u00e1 de la log\u00edstica est\u00e1ndar. Nuestros <strong>Servicios Especiales<\/strong> est\u00e1n dise\u00f1ados para brindarte soluciones a medida para esas <strong>necesidades log\u00edsticas no convencionales<\/strong>, asegurando que tus mercanc\u00edas, por complejas que sean, lleguen a su destino de forma segura y eficiente.<\/p>\n<p>Desde el manejo de art\u00edculos sobredimensionados hasta la gesti\u00f3n de carga con requisitos particulares, nuestro equipo especializado cuenta con el conocimiento, la tecnolog\u00eda y la red global para afrontar los retos m\u00e1s singulares. Conf\u00eda en nosotros para transformar lo complicado en una operaci\u00f3n fluida y exitosa.<\/p>\n<\/div>\n\t\t<\/div><\/div><\/div><\/div><\/div><div id=\"pg-969-2\"  class=\"panel-grid panel-has-style\" ><div class=\"siteorigin-panels-stretch panel-row-style panel-row-style-for-969-2\" data-stretch-type=\"full\" ><div id=\"pgc-969-2-0\"  class=\"panel-grid-cell\" ><div id=\"panel-969-2-0-0\" class=\"widget_text so-panel widget widget_custom_html panel-first-child panel-last-child\" data-index=\"2\" ><div class=\"widget_text panel-widget-style panel-widget-style-for-969-2-0-0\" ><div class=\"textwidget custom-html-widget\"><h3 style=\"color: #0176af;\">NUESTRO PORTAFOLIO DE<br><span style=\"color: #FFA500;\">SERVICIOS ESPECIALES<\/span><\/h3><hr style=\"width:150px\"><\/div><\/div><\/div><\/div><\/div><\/div><div id=\"pg-969-3\"  class=\"panel-grid panel-has-style\" ><div class=\"siteorigin-panels-stretch panel-row-style panel-row-style-for-969-3\" id=\"transporteglobal\" data-stretch-type=\"full\" ><div id=\"pgc-969-3-0\"  class=\"panel-grid-cell\" ><div id=\"panel-969-3-0-0\" class=\"so-panel widget widget_siteorigin-panels-builder panel-first-child panel-last-child\" data-index=\"3\" ><div class=\"cajas1a panel-widget-style panel-widget-style-for-969-3-0-0\" ><div id=\"pl-w68f789a34d225\"  class=\"panel-layout\" ><div id=\"pg-w68f789a34d225-0\"  class=\"panel-grid panel-has-style\" ><div class=\"panel-row-style panel-row-style-for-w68f789a34d225-0\" ><div id=\"pgc-w68f789a34d225-0-0\"  class=\"panel-grid-cell\" ><div id=\"panel-w68f789a34d225-0-0-0\" class=\"so-panel widget widget_themegrill_flash_image tg-widget tg-image-widget panel-first-child panel-last-child\" data-index=\"0\" ><div class=\"aos-fade-down panel-widget-style panel-widget-style-for-w68f789a34d225-0-0-0\" >\t<img decoding=\"async\" src=\"https:\/\/mifenixcargo.com\/web\/wp-content\/uploads\/2025\/05\/cargadoble.png\" \/>\n<\/div><\/div><\/div><\/div><\/div><div id=\"pg-w68f789a34d225-1\"  class=\"panel-grid panel-no-style\" ><div id=\"pgc-w68f789a34d225-1-0\"  class=\"panel-grid-cell\" ><div id=\"panel-w68f789a34d225-1-0-0\" class=\"so-panel widget widget_themegrill_flash_heading tg-widget section-title-wrapper panel-first-child panel-last-child\" data-index=\"1\" ><div class=\"aos-fade-down panel-widget-style panel-widget-style-for-w68f789a34d225-1-0-0\" >\t<h3 class=\"section-title\">ENV\u00cdO DE VEH\u00cdCULOS<\/h3>\n<\/div><\/div><\/div><\/div><div id=\"pg-w68f789a34d225-2\"  class=\"panel-grid panel-no-style\" ><div id=\"pgc-w68f789a34d225-2-0\"  class=\"panel-grid-cell\" ><div id=\"panel-w68f789a34d225-2-0-0\" class=\"so-panel widget widget_text panel-first-child panel-last-child\" data-index=\"2\" ><div class=\"aos-fade-down panel-widget-style panel-widget-style-for-w68f789a34d225-2-0-0\" >\t\t\t<div class=\"textwidget\"><p>Nos encargamos del transporte especializado de veh\u00edculos, desde autom\u00f3viles de lujo hasta maquinaria industrial pesada. Gestionamos toda la log\u00edstica, incluyendo el embalaje, la documentaci\u00f3n espec\u00edfica y la selecci\u00f3n del m\u00e9todo de transporte m\u00e1s seguro (terrestre, mar\u00edtimo o a\u00e9reo), garantizando que tu veh\u00edculo llegue impecable a su destino.<br \/>&nbsp;<\/p>\n<\/div>\n\t\t<\/div><\/div><\/div><\/div><\/div><\/div><\/div><\/div><div id=\"pgc-969-3-1\"  class=\"panel-grid-cell\" ><div id=\"panel-969-3-1-0\" class=\"so-panel widget widget_siteorigin-panels-builder panel-first-child panel-last-child\" data-index=\"4\" ><div class=\"cajas1a panel-widget-style panel-widget-style-for-969-3-1-0\" ><div id=\"pl-w68f789a34d7ee\"  class=\"panel-layout\" ><div id=\"pg-w68f789a34d7ee-0\"  class=\"panel-grid panel-has-style\" ><div class=\"panel-row-style panel-row-style-for-w68f789a34d7ee-0\" ><div id=\"pgc-w68f789a34d7ee-0-0\"  class=\"panel-grid-cell\" ><div id=\"panel-w68f789a34d7ee-0-0-0\" class=\"so-panel widget widget_themegrill_flash_image tg-widget tg-image-widget panel-first-child panel-last-child\" data-index=\"0\" ><div class=\"aos-fade-down panel-widget-style panel-widget-style-for-w68f789a34d7ee-0-0-0\" >\t<img decoding=\"async\" src=\"https:\/\/mifenixcargo.com\/web\/wp-content\/uploads\/2025\/05\/peligro3.png\" \/>\n<\/div><\/div><\/div><\/div><\/div><div id=\"pg-w68f789a34d7ee-1\"  class=\"panel-grid panel-no-style\" ><div id=\"pgc-w68f789a34d7ee-1-0\"  class=\"panel-grid-cell\" ><div id=\"panel-w68f789a34d7ee-1-0-0\" class=\"so-panel widget widget_themegrill_flash_heading tg-widget section-title-wrapper panel-first-child panel-last-child\" data-index=\"1\" ><div class=\"aos-fade-down panel-widget-style panel-widget-style-for-w68f789a34d7ee-1-0-0\" >\t<h3 class=\"section-title\">CARGA PELIGROSA<\/h3>\n<\/div><\/div><\/div><\/div><div id=\"pg-w68f789a34d7ee-2\"  class=\"panel-grid panel-no-style\" ><div id=\"pgc-w68f789a34d7ee-2-0\"  class=\"panel-grid-cell\" ><div id=\"panel-w68f789a34d7ee-2-0-0\" class=\"so-panel widget widget_text panel-first-child panel-last-child\" data-index=\"2\" ><div class=\"aos-fade-down panel-widget-style panel-widget-style-for-w68f789a34d7ee-2-0-0\" >\t\t\t<div class=\"textwidget\"><p>Ofrecemos soluciones expertas para el transporte de <strong>carga peligrosa (Hazmat)<\/strong>, cumpliendo con las regulaciones internacionales m\u00e1s estrictas (IATA, IMO, DOT). Nuestro personal certificado maneja desde qu\u00edmicos hasta materiales inflamables, asegurando el embalaje, etiquetado y documentaci\u00f3n correctos para un movimiento seguro y conforme a la normativa.<\/p>\n<\/div>\n\t\t<\/div><\/div><\/div><\/div><\/div><\/div><\/div><\/div><div id=\"pgc-969-3-2\"  class=\"panel-grid-cell\" ><div id=\"panel-969-3-2-0\" class=\"so-panel widget widget_siteorigin-panels-builder panel-first-child panel-last-child\" data-index=\"5\" ><div class=\"cajas1a panel-widget-style panel-widget-style-for-969-3-2-0\" ><div id=\"pl-w68f789a34dcd9\"  class=\"panel-layout\" ><div id=\"pg-w68f789a34dcd9-0\"  class=\"panel-grid panel-has-style\" ><div class=\"panel-row-style panel-row-style-for-w68f789a34dcd9-0\" ><div id=\"pgc-w68f789a34dcd9-0-0\"  class=\"panel-grid-cell\" ><div id=\"panel-w68f789a34dcd9-0-0-0\" class=\"so-panel widget widget_themegrill_flash_image tg-widget tg-image-widget panel-first-child panel-last-child\" data-index=\"0\" ><div class=\"aos-fade-down panel-widget-style panel-widget-style-for-w68f789a34dcd9-0-0-0\" >\t<img decoding=\"async\" src=\"https:\/\/mifenixcargo.com\/web\/wp-content\/uploads\/2025\/06\/grua2.png\" \/>\n<\/div><\/div><\/div><\/div><\/div><div id=\"pg-w68f789a34dcd9-1\"  class=\"panel-grid panel-no-style\" ><div id=\"pgc-w68f789a34dcd9-1-0\"  class=\"panel-grid-cell\" ><div id=\"panel-w68f789a34dcd9-1-0-0\" class=\"so-panel widget widget_themegrill_flash_heading tg-widget section-title-wrapper panel-first-child panel-last-child\" data-index=\"1\" ><div class=\"aos-fade-down panel-widget-style panel-widget-style-for-w68f789a34dcd9-1-0-0\" >\t<h3 class=\"section-title\">Ro-Ro \/ Lo-Lo<\/h3>\n<\/div><\/div><\/div><\/div><div id=\"pg-w68f789a34dcd9-2\"  class=\"panel-grid panel-no-style\" ><div id=\"pgc-w68f789a34dcd9-2-0\"  class=\"panel-grid-cell\" ><div id=\"panel-w68f789a34dcd9-2-0-0\" class=\"so-panel widget widget_text panel-first-child panel-last-child\" data-index=\"2\" ><div class=\"aos-fade-down panel-widget-style panel-widget-style-for-w68f789a34dcd9-2-0-0\" >\t\t\t<div class=\"textwidget\"><p>Facilitamos el transporte mar\u00edtimo de mercanc\u00edas rodantes (veh\u00edculos, equipos con ruedas) mediante servicios <strong>Ro-Ro<\/strong>, y de carga sobredimensionada o pesada que requiere ser levantada con gr\u00faas (proyectos, maquinaria) a trav\u00e9s de servicios <strong>Lo-Lo<\/strong>. Optimizamos la carga y descarga para proyectos de gran escala y equipos especiales.<br \/>&nbsp;<\/p>\n<\/div>\n\t\t<\/div><\/div><\/div><\/div><\/div><\/div><\/div><\/div><\/div><\/div><div id=\"pg-969-4\"  class=\"panel-grid panel-has-style\" ><div class=\"siteorigin-panels-stretch panel-row-style panel-row-style-for-969-4\" id=\"transporteglobal\" data-stretch-type=\"full\" ><div id=\"pgc-969-4-0\"  class=\"panel-grid-cell panel-grid-cell-empty\" ><\/div><div id=\"pgc-969-4-1\"  class=\"panel-grid-cell\" ><div id=\"panel-969-4-1-0\" class=\"so-panel widget widget_siteorigin-panels-builder panel-first-child panel-last-child\" data-index=\"6\" ><div class=\"cajas1a panel-widget-style panel-widget-style-for-969-4-1-0\" ><div id=\"pl-w68f789a34e19c\"  class=\"panel-layout\" ><div id=\"pg-w68f789a34e19c-0\"  class=\"panel-grid panel-has-style\" ><div class=\"panel-row-style panel-row-style-for-w68f789a34e19c-0\" ><div id=\"pgc-w68f789a34e19c-0-0\"  class=\"panel-grid-cell\" ><div id=\"panel-w68f789a34e19c-0-0-0\" class=\"so-panel widget widget_themegrill_flash_image tg-widget tg-image-widget panel-first-child panel-last-child\" data-index=\"0\" ><div class=\"aos-fade-down panel-widget-style panel-widget-style-for-w68f789a34e19c-0-0-0\" >\t<img decoding=\"async\" src=\"https:\/\/mifenixcargo.com\/web\/wp-content\/uploads\/2025\/06\/zonafranca.png\" \/>\n<\/div><\/div><\/div><\/div><\/div><div id=\"pg-w68f789a34e19c-1\"  class=\"panel-grid panel-no-style\" ><div id=\"pgc-w68f789a34e19c-1-0\"  class=\"panel-grid-cell\" ><div id=\"panel-w68f789a34e19c-1-0-0\" class=\"so-panel widget widget_themegrill_flash_heading tg-widget section-title-wrapper panel-first-child panel-last-child\" data-index=\"1\" ><div class=\"aos-fade-down panel-widget-style panel-widget-style-for-w68f789a34e19c-1-0-0\" >\t<h3 class=\"section-title\">FTZ y Zonas Francas<\/h3>\n<\/div><\/div><\/div><\/div><div id=\"pg-w68f789a34e19c-2\"  class=\"panel-grid panel-no-style\" ><div id=\"pgc-w68f789a34e19c-2-0\"  class=\"panel-grid-cell\" ><div id=\"panel-w68f789a34e19c-2-0-0\" class=\"so-panel widget widget_text panel-first-child panel-last-child\" data-index=\"2\" ><div class=\"aos-fade-down panel-widget-style panel-widget-style-for-w68f789a34e19c-2-0-0\" >\t\t\t<div class=\"textwidget\"><p>Aprovecha los beneficios fiscales y operativos de las <strong>Zonas Francas y Foreign Trade Zones (FTZ)<\/strong>. Te ofrecemos servicios de almacenamiento, consolidaci\u00f3n y gesti\u00f3n de inventario dentro de estas zonas, permiti\u00e9ndote diferir aranceles, impuestos y optimizar tu flujo de efectivo en operaciones de importaci\u00f3n y exportaci\u00f3n.<\/p>\n<\/div>\n\t\t<\/div><\/div><\/div><\/div><\/div><\/div><\/div><\/div><div id=\"pgc-969-4-2\"  class=\"panel-grid-cell panel-grid-cell-mobile-last\" ><div id=\"panel-969-4-2-0\" class=\"so-panel widget widget_siteorigin-panels-builder panel-first-child panel-last-child\" data-index=\"7\" ><div class=\"cajas1a panel-widget-style panel-widget-style-for-969-4-2-0\" ><div id=\"pl-w68f789a34e675\"  class=\"panel-layout\" ><div id=\"pg-w68f789a34e675-0\"  class=\"panel-grid panel-has-style\" ><div class=\"panel-row-style panel-row-style-for-w68f789a34e675-0\" ><div id=\"pgc-w68f789a34e675-0-0\"  class=\"panel-grid-cell\" ><div id=\"panel-w68f789a34e675-0-0-0\" class=\"so-panel widget widget_themegrill_flash_image tg-widget tg-image-widget panel-first-child panel-last-child\" data-index=\"0\" ><div class=\"aos-fade-down panel-widget-style panel-widget-style-for-w68f789a34e675-0-0-0\" >\t<img decoding=\"async\" src=\"https:\/\/mifenixcargo.com\/web\/wp-content\/uploads\/2025\/06\/seguro.png\" \/>\n<\/div><\/div><\/div><\/div><\/div><div id=\"pg-w68f789a34e675-1\"  class=\"panel-grid panel-no-style\" ><div id=\"pgc-w68f789a34e675-1-0\"  class=\"panel-grid-cell\" ><div id=\"panel-w68f789a34e675-1-0-0\" class=\"so-panel widget widget_themegrill_flash_heading tg-widget section-title-wrapper panel-first-child panel-last-child\" data-index=\"1\" ><div class=\"aos-fade-down panel-widget-style panel-widget-style-for-w68f789a34e675-1-0-0\" >\t<h3 class=\"section-title\">SEGUROS DE CARGA<\/h3>\n<\/div><\/div><\/div><\/div><div id=\"pg-w68f789a34e675-2\"  class=\"panel-grid panel-no-style\" ><div id=\"pgc-w68f789a34e675-2-0\"  class=\"panel-grid-cell\" ><div id=\"panel-w68f789a34e675-2-0-0\" class=\"so-panel widget widget_text panel-first-child panel-last-child\" data-index=\"2\" ><div class=\"aos-fade-down panel-widget-style panel-widget-style-for-w68f789a34e675-2-0-0\" >\t\t\t<div class=\"textwidget\"><p>Protege tus mercanc\u00edas contra cualquier imprevisto durante el tr\u00e1nsito con nuestros <strong>seguros de carga personalizados<\/strong>. Te ofrecemos opciones de cobertura integral que resguardan tu inversi\u00f3n ante p\u00e9rdidas, da\u00f1os o robos, brind\u00e1ndote tranquilidad y minimizando los riesgos financieros inherentes al transporte internacional.<\/p>\n<\/div>\n\t\t<\/div><\/div><\/div><\/div><\/div><\/div><\/div><\/div><div id=\"pgc-969-4-3\"  class=\"panel-grid-cell panel-grid-cell-empty\" ><\/div><\/div><\/div><div id=\"pg-969-5\"  class=\"panel-grid panel-has-style\" ><div class=\"siteorigin-panels-stretch panel-row-style panel-row-style-for-969-5\" id=\"transporteglobal\" data-stretch-type=\"full\" ><div id=\"pgc-969-5-0\"  class=\"panel-grid-cell\" ><div id=\"panel-969-5-0-0\" class=\"so-panel widget widget_siteorigin-panels-builder panel-first-child panel-last-child\" data-index=\"8\" ><div id=\"pl-w6902226a089c8\"  class=\"panel-layout\" ><div id=\"pg-w6902226a089c8-0\"  class=\"panel-grid panel-no-style\" ><div id=\"pgc-w6902226a089c8-0-0\"  class=\"panel-grid-cell\" ><div id=\"panel-w6902226a089c8-0-0-0\" class=\"so-panel widget widget_themegrill_flash_heading tg-widget section-title-wrapper panel-first-child panel-last-child\" data-index=\"0\" ><div class=\"aos-fade-down flash_inherit_color panel-widget-style panel-widget-style-for-w6902226a089c8-0-0-0\" >\t<h3 class=\"section-title\">Transforma tu log\u00edstica con Fenix<\/h3>\n<\/div><\/div><\/div><\/div><div id=\"pg-w6902226a089c8-1\"  class=\"panel-grid panel-has-style\" ><div id=\"cotizacionCarga\" class=\"panel-row-style panel-row-style-for-w6902226a089c8-1\" ><div id=\"pgc-w6902226a089c8-1-0\"  class=\"panel-grid-cell\" ><div id=\"panel-w6902226a089c8-1-0-0\" class=\"widget_text so-panel widget widget_custom_html panel-first-child\" data-index=\"1\" ><div class=\"widget_text panel-widget-style panel-widget-style-for-w6902226a089c8-1-0-0\" ><div class=\"textwidget custom-html-widget\"><a href=\"#\" data-target=\"B\">SOLICITA UNA REUNI\u00d3N<\/a><\/div><\/div><\/div><div id=\"panel-w6902226a089c8-1-0-1\" class=\"widget_text so-panel widget widget_custom_html panel-last-child\" data-index=\"2\" ><div class=\"widget_text panel-widget-style panel-widget-style-for-w6902226a089c8-1-0-1\" ><div class=\"textwidget custom-html-widget\"><a href=\"b2-b\">SOLICITA UNA REUNI\u00d3N<\/a><\/div><\/div><\/div><\/div><\/div><\/div><\/div><\/div><\/div><\/div><\/div><\/div>","protected":false},"excerpt":{"rendered":"<p>En el complejo mundo del transporte y la cadena de suministro, a menudo surgen desaf\u00edos que requieren una experticia y [&hellip;]<\/p>\n","protected":false},"author":1,"featured_media":0,"parent":0,"menu_order":0,"comment_status":"closed","ping_status":"closed","template":"page-templates\/pagebuilder.php","meta":{"footnotes":""},"class_list":["post-969","page","type-page","status-publish","hentry"],"_links":{"self":[{"href":"https:\/\/mifenixcargo.com\/web\/wp-json\/wp\/v2\/pages\/969","targetHints":{"allow":["GET"]}}],"collection":[{"href":"https:\/\/mifenixcargo.com\/web\/wp-json\/wp\/v2\/pages"}],"about":[{"href":"https:\/\/mifenixcargo.com\/web\/wp-json\/wp\/v2\/types\/page"}],"author":[{"embeddable":true,"href":"https:\/\/mifenixcargo.com\/web\/wp-json\/wp\/v2\/users\/1"}],"replies":[{"embeddable":true,"href":"https:\/\/mifenixcargo.com\/web\/wp-json\/wp\/v2\/comments?post=969"}],"version-history":[{"count":32,"href":"https:\/\/mifenixcargo.com\/web\/wp-json\/wp\/v2\/pages\/969\/revisions"}],"predecessor-version":[{"id":3297,"href":"https:\/\/mifenixcargo.com\/web\/wp-json\/wp\/v2\/pages\/969\/revisions\/3297"}],"wp:attachment":[{"href":"https:\/\/mifenixcargo.com\/web\/wp-json\/wp\/v2\/media?parent=969"}],"curies":[{"name":"wp","href":"https:\/\/api.w.org\/{rel}","templated":true}]}}