{"id":947,"date":"2025-05-27T14:14:03","date_gmt":"2025-05-27T12:14:03","guid":{"rendered":"https:\/\/carlosacosta.com.co\/fenix\/?page_id=947"},"modified":"2025-10-29T16:33:09","modified_gmt":"2025-10-29T15:33:09","slug":"aduanas-y-comercio-exterior","status":"publish","type":"page","link":"https:\/\/mifenixcargo.com\/web\/aduanas-y-comercio-exterior\/","title":{"rendered":"Aduanas y Comercio Exterior"},"content":{"rendered":"<div id=\"pl-947\"  class=\"panel-layout\" ><div id=\"pg-947-0\"  class=\"panel-grid panel-has-style\" ><div class=\"aos-fade-down siteorigin-panels-stretch panel-row-style panel-row-style-for-947-0\" data-stretch-type=\"full-width-stretch\" ><div id=\"pgc-947-0-0\"  class=\"panel-grid-cell\" ><div id=\"panel-947-0-0-0\" class=\"so-panel widget widget_themegrill_flash_heading tg-widget section-title-wrapper panel-first-child panel-last-child\" data-index=\"0\" ><div class=\"fondoencabezadofinal flash_inherit_color panel-widget-style panel-widget-style-for-947-0-0-0\" >\t<h3 class=\"section-title\">ADUANAS Y COMERCIO EXTERIOR<\/h3>\n\t<div class=\"section-description\">Asesor\u00eda experta en importaci\u00f3n y exportaci\u00f3n<\/div>\n<\/div><\/div><\/div><\/div><\/div>\n\t\t\t<video \n\t\t\t\tid=\"so_bgvideo_69e488871d540\" \n\t\t\t\tclass=\"so_video_bg jquery-background-video\" \n\t\t\t\tloop \n\t\t\t\tautoplay \n\t\t\t\tplaysinline\n\t\t\t\tmuted\n\t\t\t\tdata-bgvideo\n\t\t\t\tposter=\"https:\/\/mifenixcargo.com\/web\/wp-content\/uploads\/2025\/10\/aduana.jpg\"\t\t\t\tdata-bgvideo-fade-in=\"500\"\t\t\t\tdata-bgvideo-pause-after=\"120\"\t\t\t\tdata-bgvideo-show-pause-play=false\t\t\t\tdata-bgvideo-pause-play-x-pos=\"right\"\t\t\t\tdata-bgvideo-pause-play-y-pos=\"top\" \n\t\t\t\t>\n\t\t\t\t\t<source src=\"https:\/\/mifenixcargo.com\/web\/wp-content\/uploads\/2025\/06\/mixkit-trading-port-terminal-in-tokyo-20057-hd-ready.mp4\" type=\"video\/mp4\">\t\t\t\t\t\t\t\t\t\t\t\t\t<\/video>\n\n\t\t\t\n\t\t\t<script type=\"text\/javascript\">\n\t\t\t(function() {\n\t\t\t\t\/\/ Move the video and container into the row as the first child\n\t\t\t\tvar video_tag = document.getElementById(\"so_bgvideo_69e488871d540\");\n\t\t\t\tvar video_overlay = document.getElementById(\"so_bgvideo_overlay_69e488871d540\");\n\t\t\t\tvar video_row = video_tag.previousSibling;\n\t\t\t\twhile(video_row && video_row.nodeType != 1) {\n\t\t\t\t\tvideo_row = video_row.previousSibling;\n\t\t\t\t}\n\t\t\t\tvar row_inner = video_row.firstChild;\n\t\t\t\trow_inner.insertBefore( video_tag, row_inner.firstChild );\n\t\t\t\tif( video_overlay ) {\n\t\t\t\t\trow_inner.insertBefore( video_overlay, video_tag.nextSibling);\n\t\t\t\t}\n\t\t\t\trow_inner.className += ' so_video_bg_row jquery-background-video-wrapper';\n\t\t\t\tvideo_tag.play();\n\t\t\t}());\n\t\t\t<\/script>\n\n\t\t\t<div id=\"pg-947-1\"  class=\"panel-grid panel-has-style\" ><div class=\"siteorigin-panels-stretch panel-row-style panel-row-style-for-947-1\" id=\"transporteglobal\" data-stretch-type=\"full\" ><div id=\"pgc-947-1-0\"  class=\"panel-grid-cell\" ><div id=\"panel-947-1-0-0\" class=\"so-panel widget widget_text panel-first-child panel-last-child\" data-index=\"1\" ><div class=\"aos-fade-down panel-widget-style panel-widget-style-for-947-1-0-0\" >\t\t\t<div class=\"textwidget\"><p>El comercio internacional presenta oportunidades enormes, pero tambi\u00e9n complejidades regulatorias y aduaneras. Nuestro servicio de <strong>Aduanas y Comercio Exterior<\/strong> est\u00e1 dise\u00f1ado para simplificar cada paso de tus operaciones de importaci\u00f3n y exportaci\u00f3n, garantizando el cumplimiento normativo y una fluidez excepcional en el movimiento de tus mercanc\u00edas a trav\u00e9s de las fronteras.<\/p>\n<p>Actuamos como tu socio estrat\u00e9gico, ofreciendo una gesti\u00f3n experta de todas las <strong>regulaciones, tr\u00e1mites y documentaci\u00f3n<\/strong> necesaria para el tr\u00e1nsito aduanero. Desde la clasificaci\u00f3n arancelaria precisa hasta la obtenci\u00f3n de licencias y permisos, nuestro equipo garantiza que tus operaciones de comercio exterior sean eficientes, transparentes y libres de contratiempos, permiti\u00e9ndote expandir tu negocio sin preocupaciones.<\/p>\n<\/div>\n\t\t<\/div><\/div><\/div><\/div><\/div><div id=\"pg-947-2\"  class=\"panel-grid panel-has-style\" ><div class=\"aos-fade so-rounded panel-row-style panel-row-style-for-947-2\" id=\"ventajas1\" ><div id=\"pgc-947-2-0\"  class=\"panel-grid-cell\" ><div class=\"so-rounded panel-cell-style panel-cell-style-for-947-2-0\" ><div id=\"panel-947-2-0-0\" class=\"widget_text so-panel widget widget_custom_html panel-first-child\" data-index=\"2\" ><div class=\"widget_text panel-widget-style panel-widget-style-for-947-2-0-0\" ><div class=\"textwidget custom-html-widget\"><h3 style=\"color: #FFA500\">VENTAJAS<span style=\"color: white\"> DE NUESTRO SERVICIO DE<\/span><br> <span style=\"color: #FFA500\">ADUANAS Y COMERCIO EXTERIOR<\/span><\/h3><hr style=\"width:150px\"><\/div><\/div><\/div><div id=\"panel-947-2-0-1\" class=\"widget_text so-panel widget widget_custom_html panel-last-child\" data-index=\"3\" ><div class=\"widget_text panel-widget-style panel-widget-style-for-947-2-0-1\" ><div class=\"textwidget custom-html-widget\"><p>\n\t<strong><i class=\"fa fa-chevron-right\"><\/i> Cumplimiento Normativo Garantizado:<\/strong> Expertos en legislaci\u00f3n aduanera para evitar multas, retrasos y asegurar la legalidad de cada env\u00edo.\n<\/p>\n<p>\n\t<strong><i class=\"fa fa-chevron-right\"><\/i> Gesti\u00f3n Documental Integral:<\/strong> Preparaci\u00f3n y presentaci\u00f3n eficiente de todas las declaraciones, permisos y certificados requeridos.\n<\/p>\n<p>\n\t<strong><i class=\"fa fa-chevron-right\"><\/i> Optimizaci\u00f3n de Costos y Tiempos:<\/strong> Asesor\u00eda en reg\u00edmenes aduaneros especiales y clasificaci\u00f3n arancelaria para reducir tarifas y agilizar despachos.\n<\/p>\n<p>\n\t<strong><i class=\"fa fa-chevron-right\"><\/i> Asesor\u00eda Personalizada:<\/strong> Gu\u00eda experta en las complejidades del comercio internacional, adaptada a tus productos y mercados.\n<\/p>\n<p>\n\t<strong><i class=\"fa fa-chevron-right\"><\/i> Reducci\u00f3n de Riesgos:<\/strong> Minimizaci\u00f3n de errores y auditor\u00edas aduaneras gracias a la precisi\u00f3n y el conocimiento actualizado.<\/p><\/div><\/div><\/div><\/div><\/div><div id=\"pgc-947-2-1\"  class=\"panel-grid-cell\" ><div class=\"panel-cell-style panel-cell-style-for-947-2-1\" ><div id=\"panel-947-2-1-0\" class=\"so-panel widget widget_media_image panel-first-child panel-last-child\" data-index=\"4\" ><div class=\"imgcontent panel-widget-style panel-widget-style-for-947-2-1-0\" ><img loading=\"lazy\" decoding=\"async\" width=\"683\" height=\"1024\" src=\"https:\/\/mifenixcargo.com\/web\/wp-content\/uploads\/2025\/06\/joven-trabajando-en-un-almacen-683x1024.jpg\" class=\"image wp-image-1133  attachment-large size-large\" alt=\"\" style=\"max-width: 100%; height: auto;\" srcset=\"https:\/\/mifenixcargo.com\/web\/wp-content\/uploads\/2025\/06\/joven-trabajando-en-un-almacen-683x1024.jpg 683w, https:\/\/mifenixcargo.com\/web\/wp-content\/uploads\/2025\/06\/joven-trabajando-en-un-almacen-200x300.jpg 200w, https:\/\/mifenixcargo.com\/web\/wp-content\/uploads\/2025\/06\/joven-trabajando-en-un-almacen-768x1151.jpg 768w, https:\/\/mifenixcargo.com\/web\/wp-content\/uploads\/2025\/06\/joven-trabajando-en-un-almacen-1025x1536.jpg 1025w, https:\/\/mifenixcargo.com\/web\/wp-content\/uploads\/2025\/06\/joven-trabajando-en-un-almacen-1367x2048.jpg 1367w, https:\/\/mifenixcargo.com\/web\/wp-content\/uploads\/2025\/06\/joven-trabajando-en-un-almacen-scaled.jpg 1709w\" sizes=\"auto, (max-width: 683px) 100vw, 683px\" \/><\/div><\/div><\/div><\/div><\/div><\/div><div id=\"pg-947-3\"  class=\"panel-grid panel-has-style\" ><div class=\"siteorigin-panels-stretch panel-row-style panel-row-style-for-947-3\" data-stretch-type=\"full-width-stretch\" ><div id=\"pgc-947-3-0\"  class=\"panel-grid-cell\" ><div id=\"panel-947-3-0-0\" class=\"so-panel widget widget_themegrill_flash_heading tg-widget section-title-wrapper panel-first-child panel-last-child\" data-index=\"5\" ><div class=\"aos-fade-down panel-widget-style panel-widget-style-for-947-3-0-0\" >\t<h3 class=\"section-title\">Nuestro Proceso de Aduanas<\/h3>\n<\/div><\/div><\/div><\/div><\/div><div id=\"pg-947-4\"  class=\"panel-grid panel-has-style\" ><div class=\"siteorigin-panels-stretch panel-row-style panel-row-style-for-947-4\" id=\"pasosmaritima\" data-stretch-type=\"full\" ><div id=\"pgc-947-4-0\"  class=\"panel-grid-cell\" ><div id=\"panel-947-4-0-0\" class=\"so-panel widget widget_siteorigin-panels-builder panel-first-child panel-last-child\" data-index=\"6\" ><div class=\"cajas1a panel-widget-style panel-widget-style-for-947-4-0-0\" ><div id=\"pl-w68f787e8542f2\"  class=\"panel-layout\" ><div id=\"pg-w68f787e8542f2-0\"  class=\"panel-grid panel-no-style\" ><div id=\"pgc-w68f787e8542f2-0-0\"  class=\"panel-grid-cell\" ><div id=\"panel-w68f787e8542f2-0-0-0\" class=\"so-panel widget widget_themegrill_flash_image tg-widget tg-image-widget panel-first-child panel-last-child\" data-index=\"0\" ><div class=\"aos-fade-down panel-widget-style panel-widget-style-for-w68f787e8542f2-0-0-0\" >\t<img decoding=\"async\" src=\"https:\/\/mifenixcargo.com\/web\/wp-content\/uploads\/2025\/05\/check2.png\" \/>\n<\/div><\/div><\/div><div id=\"pgc-w68f787e8542f2-0-1\"  class=\"panel-grid-cell\" ><div id=\"panel-w68f787e8542f2-0-1-0\" class=\"so-panel widget widget_themegrill_flash_heading tg-widget section-title-wrapper panel-first-child panel-last-child\" data-index=\"1\" ><div class=\"aos-fade-down panel-widget-style panel-widget-style-for-w68f787e8542f2-0-1-0\" >\t<h3 class=\"section-title\">PRE-CONSULTA Y CLASIFICACI\u00d3N<\/h3>\n<\/div><\/div><\/div><\/div><div id=\"pg-w68f787e8542f2-1\"  class=\"panel-grid panel-no-style\" ><div id=\"pgc-w68f787e8542f2-1-0\"  class=\"panel-grid-cell\" ><div id=\"panel-w68f787e8542f2-1-0-0\" class=\"so-panel widget widget_text panel-first-child panel-last-child\" data-index=\"2\" ><div class=\"aos-fade-down panel-widget-style panel-widget-style-for-w68f787e8542f2-1-0-0\" >\t\t\t<div class=\"textwidget\"><p>Iniciamos con una consulta detallada para entender tus necesidades y productos. Realizamos una precisa <strong>clasificaci\u00f3n arancelaria<\/strong> de tu mercanc\u00eda, fundamental para determinar impuestos, aranceles y asegurar el cumplimiento de regulaciones espec\u00edficas antes de cualquier operaci\u00f3n.<\/p>\n<\/div>\n\t\t<\/div><\/div><\/div><\/div><\/div><\/div><\/div><\/div><div id=\"pgc-947-4-1\"  class=\"panel-grid-cell\" ><div id=\"panel-947-4-1-0\" class=\"so-panel widget widget_siteorigin-panels-builder panel-first-child panel-last-child\" data-index=\"7\" ><div class=\"cajas1a panel-widget-style panel-widget-style-for-947-4-1-0\" ><div id=\"pl-w68f787e8546b4\"  class=\"panel-layout\" ><div id=\"pg-w68f787e8546b4-0\"  class=\"panel-grid panel-no-style\" ><div id=\"pgc-w68f787e8546b4-0-0\"  class=\"panel-grid-cell\" ><div id=\"panel-w68f787e8546b4-0-0-0\" class=\"so-panel widget widget_themegrill_flash_image tg-widget tg-image-widget panel-first-child panel-last-child\" data-index=\"0\" ><div class=\"aos-fade-down panel-widget-style panel-widget-style-for-w68f787e8546b4-0-0-0\" >\t<img decoding=\"async\" src=\"https:\/\/mifenixcargo.com\/web\/wp-content\/uploads\/2025\/05\/docs.png\" \/>\n<\/div><\/div><\/div><div id=\"pgc-w68f787e8546b4-0-1\"  class=\"panel-grid-cell\" ><div id=\"panel-w68f787e8546b4-0-1-0\" class=\"so-panel widget widget_themegrill_flash_heading tg-widget section-title-wrapper panel-first-child panel-last-child\" data-index=\"1\" ><div class=\"aos-fade-down panel-widget-style panel-widget-style-for-w68f787e8546b4-0-1-0\" >\t<h3 class=\"section-title\">GESTI\u00d3N DE TR\u00c1MITES Y DOCUMENTACI\u00d3N<\/h3>\n<\/div><\/div><\/div><\/div><div id=\"pg-w68f787e8546b4-1\"  class=\"panel-grid panel-no-style\" ><div id=\"pgc-w68f787e8546b4-1-0\"  class=\"panel-grid-cell\" ><div id=\"panel-w68f787e8546b4-1-0-0\" class=\"so-panel widget widget_text panel-first-child panel-last-child\" data-index=\"2\" ><div class=\"aos-fade-down panel-widget-style panel-widget-style-for-w68f787e8546b4-1-0-0\" >\t\t\t<div class=\"textwidget\"><p>Manejamos toda la gesti\u00f3n documental y los procedimientos con las autoridades aduaneras. Esto incluye la preparaci\u00f3n de declaraciones de importaci\u00f3n\/exportaci\u00f3n, la obtenci\u00f3n de licencias, permisos y cualquier certificaci\u00f3n especial requerida, asegurando que cada documento est\u00e9 en orden.<\/p>\n<\/div>\n\t\t<\/div><\/div><\/div><\/div><\/div><\/div><\/div><\/div><div id=\"pgc-947-4-2\"  class=\"panel-grid-cell\" ><div id=\"panel-947-4-2-0\" class=\"so-panel widget widget_siteorigin-panels-builder panel-first-child panel-last-child\" data-index=\"8\" ><div class=\"cajas1a panel-widget-style panel-widget-style-for-947-4-2-0\" ><div id=\"pl-w68f787e8548b8\"  class=\"panel-layout\" ><div id=\"pg-w68f787e8548b8-0\"  class=\"panel-grid panel-no-style\" ><div id=\"pgc-w68f787e8548b8-0-0\"  class=\"panel-grid-cell\" ><div id=\"panel-w68f787e8548b8-0-0-0\" class=\"so-panel widget widget_themegrill_flash_image tg-widget tg-image-widget panel-first-child panel-last-child\" data-index=\"0\" ><div class=\"aos-fade-down panel-widget-style panel-widget-style-for-w68f787e8548b8-0-0-0\" >\t<img decoding=\"async\" src=\"https:\/\/mifenixcargo.com\/web\/wp-content\/uploads\/2025\/05\/truck-bg.png\" \/>\n<\/div><\/div><\/div><div id=\"pgc-w68f787e8548b8-0-1\"  class=\"panel-grid-cell\" ><div id=\"panel-w68f787e8548b8-0-1-0\" class=\"so-panel widget widget_themegrill_flash_heading tg-widget section-title-wrapper panel-first-child panel-last-child\" data-index=\"1\" ><div class=\"aos-fade-down panel-widget-style panel-widget-style-for-w68f787e8548b8-0-1-0\" >\t<h3 class=\"section-title\">DESPACHO ADUANERO LIBERACI\u00d3N DE CARGA<\/h3>\n<\/div><\/div><\/div><\/div><div id=\"pg-w68f787e8548b8-1\"  class=\"panel-grid panel-no-style\" ><div id=\"pgc-w68f787e8548b8-1-0\"  class=\"panel-grid-cell\" ><div id=\"panel-w68f787e8548b8-1-0-0\" class=\"so-panel widget widget_text panel-first-child panel-last-child\" data-index=\"2\" ><div class=\"aos-fade-down panel-widget-style panel-widget-style-for-w68f787e8548b8-1-0-0\" >\t\t\t<div class=\"textwidget\"><p>Supervisamos y agilizamos el despacho aduanero de tu mercanc\u00eda en puertos, aeropuertos y fronteras terrestres. Nuestros expertos coordinan con las autoridades para resolver cualquier inspecci\u00f3n o requerimiento, garantizando que tu carga sea liberada eficientemente para su tr\u00e1nsito final.<\/p>\n<\/div>\n\t\t<\/div><\/div><\/div><\/div><\/div><\/div><\/div><\/div><\/div><\/div><div id=\"pg-947-5\"  class=\"panel-grid panel-has-style\" ><div class=\"siteorigin-panels-stretch panel-row-style panel-row-style-for-947-5\" id=\"transporteglobal\" data-stretch-type=\"full\" ><div id=\"pgc-947-5-0\"  class=\"panel-grid-cell\" ><div id=\"panel-947-5-0-0\" class=\"so-panel widget widget_siteorigin-panels-builder panel-first-child panel-last-child\" data-index=\"9\" ><div class=\"aos-fade-down panel-widget-style panel-widget-style-for-947-5-0-0\" ><div id=\"pl-w690221b74f5da\"  class=\"panel-layout\" ><div id=\"pg-w690221b74f5da-0\"  class=\"panel-grid panel-no-style\" ><div id=\"pgc-w690221b74f5da-0-0\"  class=\"panel-grid-cell\" ><div id=\"panel-w690221b74f5da-0-0-0\" class=\"so-panel widget widget_themegrill_flash_heading tg-widget section-title-wrapper panel-first-child panel-last-child\" data-index=\"0\" ><div class=\"flash_inherit_color panel-widget-style panel-widget-style-for-w690221b74f5da-0-0-0\" >\t<h3 class=\"section-title\">Transforma tu log\u00edstica con Fenix<\/h3>\n<\/div><\/div><\/div><\/div><div id=\"pg-w690221b74f5da-1\"  class=\"panel-grid panel-has-style\" ><div id=\"cotizacionCarga\" class=\"panel-row-style panel-row-style-for-w690221b74f5da-1\" ><div id=\"pgc-w690221b74f5da-1-0\"  class=\"panel-grid-cell\" ><div id=\"panel-w690221b74f5da-1-0-0\" class=\"widget_text so-panel widget widget_custom_html panel-first-child\" data-index=\"1\" ><div class=\"widget_text panel-widget-style panel-widget-style-for-w690221b74f5da-1-0-0\" ><div class=\"textwidget custom-html-widget\"><a href=\"#\" data-target=\"B\">SOLICITA UNA REUNI\u00d3N<\/a><\/div><\/div><\/div><div id=\"panel-w690221b74f5da-1-0-1\" class=\"widget_text so-panel widget widget_custom_html panel-last-child\" data-index=\"2\" ><div class=\"widget_text panel-widget-style panel-widget-style-for-w690221b74f5da-1-0-1\" ><div class=\"textwidget custom-html-widget\"><a href=\"b2-b\">SOLICITA UNA REUNI\u00d3N<\/a><\/div><\/div><\/div><\/div><\/div><\/div><\/div><\/div><\/div><\/div><\/div><\/div><\/div>","protected":false},"excerpt":{"rendered":"<p>El comercio internacional presenta oportunidades enormes, pero tambi\u00e9n complejidades regulatorias y aduaneras. Nuestro servicio de Aduanas y Comercio Exterior est\u00e1 [&hellip;]<\/p>\n","protected":false},"author":1,"featured_media":0,"parent":0,"menu_order":0,"comment_status":"closed","ping_status":"closed","template":"page-templates\/pagebuilder.php","meta":{"footnotes":""},"class_list":["post-947","page","type-page","status-publish","hentry"],"_links":{"self":[{"href":"https:\/\/mifenixcargo.com\/web\/wp-json\/wp\/v2\/pages\/947","targetHints":{"allow":["GET"]}}],"collection":[{"href":"https:\/\/mifenixcargo.com\/web\/wp-json\/wp\/v2\/pages"}],"about":[{"href":"https:\/\/mifenixcargo.com\/web\/wp-json\/wp\/v2\/types\/page"}],"author":[{"embeddable":true,"href":"https:\/\/mifenixcargo.com\/web\/wp-json\/wp\/v2\/users\/1"}],"replies":[{"embeddable":true,"href":"https:\/\/mifenixcargo.com\/web\/wp-json\/wp\/v2\/comments?post=947"}],"version-history":[{"count":33,"href":"https:\/\/mifenixcargo.com\/web\/wp-json\/wp\/v2\/pages\/947\/revisions"}],"predecessor-version":[{"id":3292,"href":"https:\/\/mifenixcargo.com\/web\/wp-json\/wp\/v2\/pages\/947\/revisions\/3292"}],"wp:attachment":[{"href":"https:\/\/mifenixcargo.com\/web\/wp-json\/wp\/v2\/media?parent=947"}],"curies":[{"name":"wp","href":"https:\/\/api.w.org\/{rel}","templated":true}]}}