{"id":839,"date":"2025-05-26T15:23:10","date_gmt":"2025-05-26T13:23:10","guid":{"rendered":"https:\/\/carlosacosta.com.co\/fenix\/?page_id=839"},"modified":"2025-10-29T15:42:14","modified_gmt":"2025-10-29T14:42:14","slug":"servicio-courier","status":"publish","type":"page","link":"https:\/\/mifenixcargo.com\/web\/servicio-courier\/","title":{"rendered":"Servicio Courier"},"content":{"rendered":"<div id=\"pl-839\"  class=\"panel-layout\" ><div id=\"pg-839-0\"  class=\"panel-grid panel-has-style\" ><div class=\"aos-fade-down siteorigin-panels-stretch panel-row-style panel-row-style-for-839-0\" data-stretch-type=\"full-width-stretch\" ><div id=\"pgc-839-0-0\"  class=\"panel-grid-cell\" ><div id=\"panel-839-0-0-0\" class=\"so-panel widget widget_themegrill_flash_heading tg-widget section-title-wrapper panel-first-child panel-last-child\" data-index=\"0\" ><div class=\"fondoencabezadofinal flash_inherit_color panel-widget-style panel-widget-style-for-839-0-0-0\" >\t<h3 class=\"section-title\">SERVICIO COURIER<\/h3>\n\t<div class=\"section-description\">Env\u00edos r\u00e1pidos, seguros y sin complicaciones<\/div>\n<\/div><\/div><\/div><\/div><\/div>\n\t\t\t<video \n\t\t\t\tid=\"so_bgvideo_69fb7248917fc\" \n\t\t\t\tclass=\"so_video_bg jquery-background-video\" \n\t\t\t\tloop \n\t\t\t\tautoplay \n\t\t\t\tplaysinline\n\t\t\t\tmuted\n\t\t\t\tdata-bgvideo\n\t\t\t\tposter=\"https:\/\/mifenixcargo.com\/web\/wp-content\/uploads\/2025\/10\/courierslider.jpg\"\t\t\t\tdata-bgvideo-fade-in=\"500\"\t\t\t\tdata-bgvideo-pause-after=\"120\"\t\t\t\tdata-bgvideo-show-pause-play=false\t\t\t\tdata-bgvideo-pause-play-x-pos=\"right\"\t\t\t\tdata-bgvideo-pause-play-y-pos=\"top\" \n\t\t\t\t>\n\t\t\t\t\t<source src=\"https:\/\/mifenixcargo.com\/web\/wp-content\/uploads\/2025\/05\/courier.mp4\" type=\"video\/mp4\">\t\t\t\t\t\t\t\t\t\t\t\t\t<\/video>\n\n\t\t\t\n\t\t\t<script type=\"text\/javascript\">\n\t\t\t(function() {\n\t\t\t\t\/\/ Move the video and container into the row as the first child\n\t\t\t\tvar video_tag = document.getElementById(\"so_bgvideo_69fb7248917fc\");\n\t\t\t\tvar video_overlay = document.getElementById(\"so_bgvideo_overlay_69fb7248917fc\");\n\t\t\t\tvar video_row = video_tag.previousSibling;\n\t\t\t\twhile(video_row && video_row.nodeType != 1) {\n\t\t\t\t\tvideo_row = video_row.previousSibling;\n\t\t\t\t}\n\t\t\t\tvar row_inner = video_row.firstChild;\n\t\t\t\trow_inner.insertBefore( video_tag, row_inner.firstChild );\n\t\t\t\tif( video_overlay ) {\n\t\t\t\t\trow_inner.insertBefore( video_overlay, video_tag.nextSibling);\n\t\t\t\t}\n\t\t\t\trow_inner.className += ' so_video_bg_row jquery-background-video-wrapper';\n\t\t\t\tvideo_tag.play();\n\t\t\t}());\n\t\t\t<\/script>\n\n\t\t\t<div id=\"pg-839-1\"  class=\"panel-grid panel-has-style\" ><div class=\"siteorigin-panels-stretch panel-row-style panel-row-style-for-839-1\" id=\"transporteglobal\" data-stretch-type=\"full\" ><div id=\"pgc-839-1-0\"  class=\"panel-grid-cell\" ><div id=\"panel-839-1-0-0\" class=\"widget_text so-panel widget widget_custom_html panel-first-child\" data-index=\"1\" ><div class=\"textwidget custom-html-widget\"><h3 style=\"color: #0176af;\">TU ENV\u00cdO URGENTE <span style=\"color: #201e57;\">R\u00c1PIDO Y SEGURO<\/span><\/h3><hr style=\"width:150px\"><\/div><\/div><div id=\"panel-839-1-0-1\" class=\"so-panel widget widget_text panel-last-child\" data-index=\"2\" ><div class=\"aos-fade-down panel-widget-style panel-widget-style-for-839-1-0-1\" >\t\t\t<div class=\"textwidget\"><p data-sourcepos=\"9:1-9:360\">Ofrecemos un servicio especializado de <strong>courier<\/strong>, dise\u00f1ado para la entrega urgente y segura de documentos, paquetes peque\u00f1os y mercanc\u00edas de alto valor en tiempo r\u00e9cord. Con una red eficiente y personal dedicado, garantizamos que tus env\u00edos m\u00e1s importantes lleguen a su destino con la m\u00e1xima celeridad y confiabilidad, tanto a nivel local como internacional.<\/p>\n<p data-sourcepos=\"11:1-11:338\">Nos encargamos de cada detalle, desde la recolecci\u00f3n r\u00e1pida en tu ubicaci\u00f3n, el manejo cuidadoso de cada art\u00edculo, hasta la gesti\u00f3n de tr\u00e1mites aduaneros simplificados y la entrega directa al destinatario. Nuestra prioridad es la velocidad y la seguridad, ofreci\u00e9ndote soluciones personalizadas para tus necesidades de env\u00edo m\u00e1s cr\u00edticas.<\/p>\n<\/div>\n\t\t<\/div><\/div><\/div><\/div><\/div><div id=\"pg-839-2\"  class=\"panel-grid panel-has-style\" ><div class=\"aos-fade so-rounded panel-row-style panel-row-style-for-839-2\" id=\"ventajas1\" ><div id=\"pgc-839-2-0\"  class=\"panel-grid-cell\" ><div class=\"so-rounded panel-cell-style panel-cell-style-for-839-2-0\" ><div id=\"panel-839-2-0-0\" class=\"widget_text so-panel widget widget_custom_html panel-first-child\" data-index=\"3\" ><div class=\"widget_text panel-widget-style panel-widget-style-for-839-2-0-0\" ><div class=\"textwidget custom-html-widget\"><h3 style=\"color: #FFA500\">VENTAJAS<span style=\"color: white;\"> DE NUESTRO SERVICIO<\/span><br><span style=\"color: #FFA500;\">COURIER<\/span><\/h3><hr style=\"width:150px\"><\/div><\/div><\/div><div id=\"panel-839-2-0-1\" class=\"widget_text so-panel widget widget_custom_html panel-last-child\" data-index=\"4\" ><div class=\"widget_text panel-widget-style panel-widget-style-for-839-2-0-1\" ><div class=\"textwidget custom-html-widget\"><p>\n\t<strong><i class=\"fa fa-chevron-right\"><\/i> Rapidez Inigualable:<\/strong> Entregas express para documentos y paquetes urgentes.\n<\/p>\n<p>\n\t<strong><i class=\"fa fa-chevron-right\"><\/i> Alta Seguridad:<\/strong> Manejo controlado y protegido para env\u00edos de valor.\n<\/p>\n<p>\n\t<strong><i class=\"fa fa-chevron-right\"><\/i> Flexibilidad:<\/strong> Adaptabilidad a horarios y puntos de entrega espec\u00edficos.\n<\/p>\n<p>\n\t<strong><i class=\"fa fa-chevron-right\"><\/i> Recolecci\u00f3n y Entrega Directa:<\/strong> Servicio puerta a puerta para tu comodidad.\n<\/p>\n<p>\n\t<strong><i class=\"fa fa-chevron-right\"><\/i> Seguimiento Detallado:<\/strong> Monitoreo preciso y notificaciones en cada etapa del env\u00edo.\n<\/p><\/div><\/div><\/div><\/div><\/div><div id=\"pgc-839-2-1\"  class=\"panel-grid-cell\" ><div class=\"panel-cell-style panel-cell-style-for-839-2-1\" ><div id=\"panel-839-2-1-0\" class=\"so-panel widget widget_media_image panel-first-child panel-last-child\" data-index=\"5\" ><div class=\"imgcontent panel-widget-style panel-widget-style-for-839-2-1-0\" ><img loading=\"lazy\" decoding=\"async\" width=\"683\" height=\"1024\" src=\"https:\/\/mifenixcargo.com\/web\/wp-content\/uploads\/2025\/07\/sc-683x1024.jpg\" class=\"image wp-image-1704  attachment-large size-large\" alt=\"\" style=\"max-width: 100%; height: auto;\" srcset=\"https:\/\/mifenixcargo.com\/web\/wp-content\/uploads\/2025\/07\/sc-683x1024.jpg 683w, https:\/\/mifenixcargo.com\/web\/wp-content\/uploads\/2025\/07\/sc-200x300.jpg 200w, https:\/\/mifenixcargo.com\/web\/wp-content\/uploads\/2025\/07\/sc-768x1152.jpg 768w, https:\/\/mifenixcargo.com\/web\/wp-content\/uploads\/2025\/07\/sc-1024x1536.jpg 1024w, https:\/\/mifenixcargo.com\/web\/wp-content\/uploads\/2025\/07\/sc-1365x2048.jpg 1365w, https:\/\/mifenixcargo.com\/web\/wp-content\/uploads\/2025\/07\/sc-scaled.jpg 1707w\" sizes=\"auto, (max-width: 683px) 100vw, 683px\" \/><\/div><\/div><\/div><\/div><\/div><\/div><div id=\"pg-839-3\"  class=\"panel-grid panel-has-style\" ><div class=\"siteorigin-panels-stretch panel-row-style panel-row-style-for-839-3\" data-stretch-type=\"full-width-stretch\" ><div id=\"pgc-839-3-0\"  class=\"panel-grid-cell\" ><div id=\"panel-839-3-0-0\" class=\"so-panel widget widget_themegrill_flash_heading tg-widget section-title-wrapper panel-first-child panel-last-child\" data-index=\"6\" ><div class=\"aos-fade-down panel-widget-style panel-widget-style-for-839-3-0-0\" >\t<h3 class=\"section-title\">NUESTRO PROCESO DE COURIER<\/h3>\n<\/div><\/div><\/div><\/div><\/div><div id=\"pg-839-4\"  class=\"panel-grid panel-has-style\" ><div class=\"siteorigin-panels-stretch panel-row-style panel-row-style-for-839-4\" id=\"pasos\" data-stretch-type=\"full\" ><div id=\"pgc-839-4-0\"  class=\"panel-grid-cell\" ><div id=\"panel-839-4-0-0\" class=\"so-panel widget widget_siteorigin-panels-builder panel-first-child panel-last-child\" data-index=\"7\" ><div class=\"cajas1a panel-widget-style panel-widget-style-for-839-4-0-0\" ><div id=\"pl-w68f781ab7dfdd\"  class=\"panel-layout\" ><div id=\"pg-w68f781ab7dfdd-0\"  class=\"panel-grid panel-no-style\" ><div id=\"pgc-w68f781ab7dfdd-0-0\"  class=\"panel-grid-cell\" ><div id=\"panel-w68f781ab7dfdd-0-0-0\" class=\"so-panel widget widget_themegrill_flash_image tg-widget tg-image-widget panel-first-child panel-last-child\" data-index=\"0\" ><div class=\"aos-fade-down panel-widget-style panel-widget-style-for-w68f781ab7dfdd-0-0-0\" >\t<img decoding=\"async\" src=\"https:\/\/mifenixcargo.com\/web\/wp-content\/uploads\/2025\/05\/caja.png\" \/>\n<\/div><\/div><\/div><div id=\"pgc-w68f781ab7dfdd-0-1\"  class=\"panel-grid-cell\" ><div id=\"panel-w68f781ab7dfdd-0-1-0\" class=\"so-panel widget widget_themegrill_flash_heading tg-widget section-title-wrapper panel-first-child panel-last-child\" data-index=\"1\" ><div class=\"aos-fade-down panel-widget-style panel-widget-style-for-w68f781ab7dfdd-0-1-0\" >\t<h3 class=\"section-title\">RECOLECCI\u00d3N Y PREPARACI\u00d3N<\/h3>\n<\/div><\/div><\/div><\/div><div id=\"pg-w68f781ab7dfdd-1\"  class=\"panel-grid panel-no-style\" ><div id=\"pgc-w68f781ab7dfdd-1-0\"  class=\"panel-grid-cell\" ><div id=\"panel-w68f781ab7dfdd-1-0-0\" class=\"so-panel widget widget_text panel-first-child panel-last-child\" data-index=\"2\" ><div class=\"aos-fade-down panel-widget-style panel-widget-style-for-w68f781ab7dfdd-1-0-0\" >\t\t\t<div class=\"textwidget\"><p>Realizamos la <strong>recolecci\u00f3n inmediata<\/strong> de tus documentos o paquetes en el punto que indiques. Nuestro equipo verifica el contenido y el embalaje, asegurando que cada env\u00edo est\u00e9 optimizado y cumpla con las normativas para un tr\u00e1nsito \u00e1gil y seguro.<br \/>&nbsp;<\/p>\n<\/div>\n\t\t<\/div><\/div><\/div><\/div><\/div><\/div><\/div><\/div><div id=\"pgc-839-4-1\"  class=\"panel-grid-cell\" ><div id=\"panel-839-4-1-0\" class=\"so-panel widget widget_siteorigin-panels-builder panel-first-child panel-last-child\" data-index=\"8\" ><div class=\"cajas1a panel-widget-style panel-widget-style-for-839-4-1-0\" ><div id=\"pl-w68f781ab7e391\"  class=\"panel-layout\" ><div id=\"pg-w68f781ab7e391-0\"  class=\"panel-grid panel-no-style\" ><div id=\"pgc-w68f781ab7e391-0-0\"  class=\"panel-grid-cell\" ><div id=\"panel-w68f781ab7e391-0-0-0\" class=\"so-panel widget widget_themegrill_flash_image tg-widget tg-image-widget panel-first-child panel-last-child\" data-index=\"0\" ><div class=\"aos-fade-down panel-widget-style panel-widget-style-for-w68f781ab7e391-0-0-0\" >\t<img decoding=\"async\" src=\"https:\/\/mifenixcargo.com\/web\/wp-content\/uploads\/2025\/05\/truck-bg.png\" \/>\n<\/div><\/div><\/div><div id=\"pgc-w68f781ab7e391-0-1\"  class=\"panel-grid-cell\" ><div id=\"panel-w68f781ab7e391-0-1-0\" class=\"so-panel widget widget_themegrill_flash_heading tg-widget section-title-wrapper panel-first-child panel-last-child\" data-index=\"1\" ><div class=\"aos-fade-down panel-widget-style panel-widget-style-for-w68f781ab7e391-0-1-0\" >\t<h3 class=\"section-title\">TR\u00c1NSITO EXPRESS Y CONTROL LOG\u00cdSTICO<\/h3>\n<\/div><\/div><\/div><\/div><div id=\"pg-w68f781ab7e391-1\"  class=\"panel-grid panel-no-style\" ><div id=\"pgc-w68f781ab7e391-1-0\"  class=\"panel-grid-cell\" ><div id=\"panel-w68f781ab7e391-1-0-0\" class=\"so-panel widget widget_text panel-first-child panel-last-child\" data-index=\"2\" ><div class=\"aos-fade-down panel-widget-style panel-widget-style-for-w68f781ab7e391-1-0-0\" >\t\t\t<div class=\"textwidget\"><p>Tu env\u00edo se integra r\u00e1pidamente en la <strong>ruta m\u00e1s veloz<\/strong>, ya sea por tierra, aire o combinada. Monitoreamos de manera constante su progreso, gestionando los tr\u00e1mites aduaneros con agilidad y anticipando cualquier eventualidad para garantizar un flujo continuo y sin demoras.<br \/>&nbsp;<\/p>\n<\/div>\n\t\t<\/div><\/div><\/div><\/div><\/div><\/div><\/div><\/div><div id=\"pgc-839-4-2\"  class=\"panel-grid-cell\" ><div id=\"panel-839-4-2-0\" class=\"so-panel widget widget_siteorigin-panels-builder panel-first-child panel-last-child\" data-index=\"9\" ><div class=\"cajas1a panel-widget-style panel-widget-style-for-839-4-2-0\" ><div id=\"pl-w68f781ab7e58c\"  class=\"panel-layout\" ><div id=\"pg-w68f781ab7e58c-0\"  class=\"panel-grid panel-no-style\" ><div id=\"pgc-w68f781ab7e58c-0-0\"  class=\"panel-grid-cell\" ><div id=\"panel-w68f781ab7e58c-0-0-0\" class=\"so-panel widget widget_themegrill_flash_image tg-widget tg-image-widget panel-first-child panel-last-child\" data-index=\"0\" ><div class=\"aos-fade-down panel-widget-style panel-widget-style-for-w68f781ab7e58c-0-0-0\" >\t<img decoding=\"async\" src=\"https:\/\/mifenixcargo.com\/web\/wp-content\/uploads\/2025\/05\/truck-bg2.png\" \/>\n<\/div><\/div><\/div><div id=\"pgc-w68f781ab7e58c-0-1\"  class=\"panel-grid-cell\" ><div id=\"panel-w68f781ab7e58c-0-1-0\" class=\"so-panel widget widget_themegrill_flash_heading tg-widget section-title-wrapper panel-first-child panel-last-child\" data-index=\"1\" ><div class=\"aos-fade-down panel-widget-style panel-widget-style-for-w68f781ab7e58c-0-1-0\" >\t<h3 class=\"section-title\">ENTREGA DIRECTA Y CONFIRMACI\u00d3N<\/h3>\n<\/div><\/div><\/div><\/div><div id=\"pg-w68f781ab7e58c-1\"  class=\"panel-grid panel-no-style\" ><div id=\"pgc-w68f781ab7e58c-1-0\"  class=\"panel-grid-cell\" ><div id=\"panel-w68f781ab7e58c-1-0-0\" class=\"so-panel widget widget_text panel-first-child panel-last-child\" data-index=\"2\" ><div class=\"aos-fade-down panel-widget-style panel-widget-style-for-w68f781ab7e58c-1-0-0\" >\t\t\t<div class=\"textwidget\"><p>Coordinamos la <strong>entrega personal y directa<\/strong> al destinatario, obteniendo la confirmaci\u00f3n de recibido para tu tranquilidad. Te notificamos al instante la finalizaci\u00f3n exitosa del servicio, asegurando que tus env\u00edos m\u00e1s cr\u00edticos lleguen a tiempo y en perfectas condiciones.<\/p>\n<\/div>\n\t\t<\/div><\/div><\/div><\/div><\/div><\/div><\/div><\/div><\/div><\/div><div id=\"pg-839-5\"  class=\"panel-grid panel-has-style\" ><div class=\"siteorigin-panels-stretch panel-row-style panel-row-style-for-839-5\" id=\"transporteglobal\" data-stretch-type=\"full\" ><div id=\"pgc-839-5-0\"  class=\"panel-grid-cell\" ><div id=\"panel-839-5-0-0\" class=\"so-panel widget widget_siteorigin-panels-builder panel-first-child panel-last-child\" data-index=\"10\" ><div class=\"aos-fade-down panel-widget-style panel-widget-style-for-839-5-0-0\" ><div id=\"pl-w69021b89c4c69\"  class=\"panel-layout\" ><div id=\"pg-w69021b89c4c69-0\"  class=\"panel-grid panel-no-style\" ><div id=\"pgc-w69021b89c4c69-0-0\"  class=\"panel-grid-cell\" ><div id=\"panel-w69021b89c4c69-0-0-0\" class=\"so-panel widget widget_themegrill_flash_heading tg-widget section-title-wrapper panel-first-child panel-last-child\" data-index=\"0\" ><div class=\"flash_inherit_color panel-widget-style panel-widget-style-for-w69021b89c4c69-0-0-0\" >\t<h3 class=\"section-title\">\u00bfNecesitas Hacer un Env\u00edo?<\/h3>\n<\/div><\/div><\/div><\/div><div id=\"pg-w69021b89c4c69-1\"  class=\"panel-grid panel-has-style\" ><div class=\"panel-row-style panel-row-style-for-w69021b89c4c69-1\" ><div id=\"pgc-w69021b89c4c69-1-0\"  class=\"panel-grid-cell\" ><div id=\"panel-w69021b89c4c69-1-0-0\" class=\"widget_text so-panel widget widget_custom_html panel-first-child panel-last-child\" data-index=\"1\" ><div class=\"widget_text flash_inherit_color panel-widget-style panel-widget-style-for-w69021b89c4c69-1-0-0\" ><div class=\"textwidget custom-html-widget\"><p>\n\tPerm\u00edtenos enviar tus mercancias de forma r\u00e1pida y segura.\n<\/p>\n<\/div><\/div><\/div><\/div><\/div><\/div><div id=\"pg-w69021b89c4c69-2\"  class=\"panel-grid panel-has-style\" ><div id=\"cotizacionCarga\" class=\"panel-row-style panel-row-style-for-w69021b89c4c69-2\" ><div id=\"pgc-w69021b89c4c69-2-0\"  class=\"panel-grid-cell\" ><div id=\"panel-w69021b89c4c69-2-0-0\" class=\"widget_text so-panel widget widget_custom_html panel-first-child\" data-index=\"2\" ><div class=\"widget_text panel-widget-style panel-widget-style-for-w69021b89c4c69-2-0-0\" ><div class=\"textwidget custom-html-widget\"><a href=\"#\" data-target=\"A\">SOLICITA UNA COTIZACI\u00d3N<\/a><\/div><\/div><\/div><div id=\"panel-w69021b89c4c69-2-0-1\" class=\"widget_text so-panel widget widget_custom_html panel-last-child\" data-index=\"3\" ><div class=\"widget_text panel-widget-style panel-widget-style-for-w69021b89c4c69-2-0-1\" ><div class=\"textwidget custom-html-widget\"><a href=\"envios_carga\">SOLICITA UNA COTIZACI\u00d3N<\/a><\/div><\/div><\/div><\/div><\/div><\/div><\/div><\/div><\/div><\/div><\/div><\/div><\/div>","protected":false},"excerpt":{"rendered":"<p>Ofrecemos un servicio especializado de courier, dise\u00f1ado para la entrega urgente y segura de documentos, paquetes peque\u00f1os y mercanc\u00edas de [&hellip;]<\/p>\n","protected":false},"author":1,"featured_media":0,"parent":0,"menu_order":0,"comment_status":"closed","ping_status":"closed","template":"page-templates\/pagebuilder.php","meta":{"footnotes":""},"class_list":["post-839","page","type-page","status-publish","hentry"],"_links":{"self":[{"href":"https:\/\/mifenixcargo.com\/web\/wp-json\/wp\/v2\/pages\/839","targetHints":{"allow":["GET"]}}],"collection":[{"href":"https:\/\/mifenixcargo.com\/web\/wp-json\/wp\/v2\/pages"}],"about":[{"href":"https:\/\/mifenixcargo.com\/web\/wp-json\/wp\/v2\/types\/page"}],"author":[{"embeddable":true,"href":"https:\/\/mifenixcargo.com\/web\/wp-json\/wp\/v2\/users\/1"}],"replies":[{"embeddable":true,"href":"https:\/\/mifenixcargo.com\/web\/wp-json\/wp\/v2\/comments?post=839"}],"version-history":[{"count":134,"href":"https:\/\/mifenixcargo.com\/web\/wp-json\/wp\/v2\/pages\/839\/revisions"}],"predecessor-version":[{"id":3265,"href":"https:\/\/mifenixcargo.com\/web\/wp-json\/wp\/v2\/pages\/839\/revisions\/3265"}],"wp:attachment":[{"href":"https:\/\/mifenixcargo.com\/web\/wp-json\/wp\/v2\/media?parent=839"}],"curies":[{"name":"wp","href":"https:\/\/api.w.org\/{rel}","templated":true}]}}