{"id":809,"date":"2025-05-26T13:26:24","date_gmt":"2025-05-26T11:26:24","guid":{"rendered":"https:\/\/carlosacosta.com.co\/fenix\/?page_id=809"},"modified":"2025-10-29T16:23:27","modified_gmt":"2025-10-29T15:23:27","slug":"almacenamiento","status":"publish","type":"page","link":"https:\/\/mifenixcargo.com\/web\/almacenamiento\/","title":{"rendered":"Almacenamiento"},"content":{"rendered":"<div id=\"pl-809\"  class=\"panel-layout\" ><div id=\"pg-809-0\"  class=\"panel-grid panel-has-style\" ><div class=\"aos-fade-down siteorigin-panels-stretch panel-row-style panel-row-style-for-809-0\" data-stretch-type=\"full-width-stretch\" ><div id=\"pgc-809-0-0\"  class=\"panel-grid-cell\" ><div id=\"panel-809-0-0-0\" class=\"so-panel widget widget_themegrill_flash_heading tg-widget section-title-wrapper panel-first-child panel-last-child\" data-index=\"0\" ><div class=\"fondoencabezadofinal flash_inherit_color panel-widget-style panel-widget-style-for-809-0-0-0\" >\t<h3 class=\"section-title\">ALMACENAMIENTO<\/h3>\n\t<div class=\"section-description\">Espacios inteligentes, operaciones eficientes<\/div>\n<\/div><\/div><\/div><\/div><\/div>\n\t\t\t<video \n\t\t\t\tid=\"so_bgvideo_69fb72141d01b\" \n\t\t\t\tclass=\"so_video_bg jquery-background-video\" \n\t\t\t\tloop \n\t\t\t\tautoplay \n\t\t\t\tplaysinline\n\t\t\t\tmuted\n\t\t\t\tdata-bgvideo\n\t\t\t\tposter=\"https:\/\/mifenixcargo.com\/web\/wp-content\/uploads\/2025\/10\/cerrar-vista-de-almacen.jpg\"\t\t\t\tdata-bgvideo-fade-in=\"500\"\t\t\t\tdata-bgvideo-pause-after=\"120\"\t\t\t\tdata-bgvideo-show-pause-play=false\t\t\t\tdata-bgvideo-pause-play-x-pos=\"right\"\t\t\t\tdata-bgvideo-pause-play-y-pos=\"top\" \n\t\t\t\t>\n\t\t\t\t\t<source src=\"https:\/\/mifenixcargo.com\/web\/wp-content\/uploads\/2025\/06\/208160_small.mp4\" type=\"video\/mp4\">\t\t\t\t\t\t\t\t\t\t\t\t\t<\/video>\n\n\t\t\t\n\t\t\t<script type=\"text\/javascript\">\n\t\t\t(function() {\n\t\t\t\t\/\/ Move the video and container into the row as the first child\n\t\t\t\tvar video_tag = document.getElementById(\"so_bgvideo_69fb72141d01b\");\n\t\t\t\tvar video_overlay = document.getElementById(\"so_bgvideo_overlay_69fb72141d01b\");\n\t\t\t\tvar video_row = video_tag.previousSibling;\n\t\t\t\twhile(video_row && video_row.nodeType != 1) {\n\t\t\t\t\tvideo_row = video_row.previousSibling;\n\t\t\t\t}\n\t\t\t\tvar row_inner = video_row.firstChild;\n\t\t\t\trow_inner.insertBefore( video_tag, row_inner.firstChild );\n\t\t\t\tif( video_overlay ) {\n\t\t\t\t\trow_inner.insertBefore( video_overlay, video_tag.nextSibling);\n\t\t\t\t}\n\t\t\t\trow_inner.className += ' so_video_bg_row jquery-background-video-wrapper';\n\t\t\t\tvideo_tag.play();\n\t\t\t}());\n\t\t\t<\/script>\n\n\t\t\t<div id=\"pg-809-1\"  class=\"panel-grid panel-has-style\" ><div class=\"siteorigin-panels-stretch panel-row-style panel-row-style-for-809-1\" id=\"transporteglobal\" data-stretch-type=\"full\" ><div id=\"pgc-809-1-0\"  class=\"panel-grid-cell\" ><div id=\"panel-809-1-0-0\" class=\"so-panel widget widget_text panel-first-child panel-last-child\" data-index=\"1\" ><div class=\"aos-fade-down panel-widget-style panel-widget-style-for-809-1-0-0\" >\t\t\t<div class=\"textwidget\"><p>En el din\u00e1mico mundo de la log\u00edstica, contar con soluciones de almacenamiento flexibles y tecnol\u00f3gicamente avanzadas es crucial. Nuestro servicio de <strong>Almacenamiento y Gesti\u00f3n de Inventario<\/strong> te ofrece precisamente eso: espacios estrat\u00e9gicamente ubicados y optimizados para la custodia y el manejo eficiente de tus mercanc\u00edas.<\/p>\n<p>Administramos y optimizamos tu inventario desde nuestro hub en <strong>Miami<\/strong>, un punto neur\u00e1lgico para la distribuci\u00f3n, garantizando una conexi\u00f3n fluida y eficiente con<strong> cualquier parte del continente.<\/strong> Con nosotros, tu carga no solo se almacena; se gestiona activamente para asegurar su visibilidad, accesibilidad y el flujo constante hacia su destino final.<\/p>\n<\/div>\n\t\t<\/div><\/div><\/div><\/div><\/div><div id=\"pg-809-2\"  class=\"panel-grid panel-has-style\" ><div class=\"aos-fade so-rounded panel-row-style panel-row-style-for-809-2\" id=\"ventajas1\" ><div id=\"pgc-809-2-0\"  class=\"panel-grid-cell\" ><div class=\"so-rounded panel-cell-style panel-cell-style-for-809-2-0\" ><div id=\"panel-809-2-0-0\" class=\"widget_text so-panel widget widget_custom_html panel-first-child\" data-index=\"2\" ><div class=\"widget_text panel-widget-style panel-widget-style-for-809-2-0-0\" ><div class=\"textwidget custom-html-widget\"><h3 style=\"color: #FFA500\">VENTAJAS<span style=\"color: white\"> DE NUESTRO SERVICIO DE<\/span> <span style=\"color: #FFA500;\">ALMACENAMIENTO<\/span><\/h3><hr style=\"width:150px\"><\/div><\/div><\/div><div id=\"panel-809-2-0-1\" class=\"widget_text so-panel widget widget_custom_html panel-last-child\" data-index=\"3\" ><div class=\"widget_text panel-widget-style panel-widget-style-for-809-2-0-1\" ><div class=\"textwidget custom-html-widget\"><p>\n\t<strong><i class=\"fa fa-chevron-right\"><\/i> Ubicaci\u00f3n Estrat\u00e9gica en Miami:<\/strong> Acceso privilegiado a rutas a\u00e9reas, mar\u00edtimas y terrestres, facilitando la distribuci\u00f3n continental.\n<\/p>\n<p>\n\t<strong><i class=\"fa fa-chevron-right\"><\/i> Visibilidad Total del Inventario:<\/strong> Accede a informaci\u00f3n en tiempo real sobre el estado, ubicaci\u00f3n y movimientos de tus productos.\n<\/p>\n<p>\n\t<strong><i class=\"fa fa-chevron-right\"><\/i> Integraci\u00f3n Tecnol\u00f3gica Avanzada:<\/strong> Sistemas de gesti\u00f3n de almacenes (WMS) que optimizan el control, la precisi\u00f3n y la eficiencia operativa.\n<\/p>\n<p>\n\t<strong><i class=\"fa fa-chevron-right\"><\/i> Soluciones a Medida:<\/strong> Adaptamos nuestros espacios y procesos a las caracter\u00edsticas espec\u00edficas de tu mercanc\u00eda (temperatura controlada, seguridad especial, etc.) y a tus necesidades de volumen.\n<\/p>\n<p>\n\t<strong><i class=\"fa fa-chevron-right\"><\/i> Optimizaci\u00f3n de Costos:<\/strong> Reducci\u00f3n de gastos operativos al externalizar tu almacenamiento y aprovechar nuestras econom\u00edas de escala.<\/p><\/div><\/div><\/div><\/div><\/div><div id=\"pgc-809-2-1\"  class=\"panel-grid-cell\" ><div class=\"panel-cell-style panel-cell-style-for-809-2-1\" ><div id=\"panel-809-2-1-0\" class=\"so-panel widget widget_media_image panel-first-child panel-last-child\" data-index=\"4\" ><div class=\"imgcontent panel-widget-style panel-widget-style-for-809-2-1-0\" ><img loading=\"lazy\" decoding=\"async\" width=\"683\" height=\"1024\" src=\"https:\/\/mifenixcargo.com\/web\/wp-content\/uploads\/2025\/06\/hombre-trabajando-en-almacen-683x1024.jpg\" class=\"image wp-image-1086  attachment-large size-large\" alt=\"\" style=\"max-width: 100%; height: auto;\" srcset=\"https:\/\/mifenixcargo.com\/web\/wp-content\/uploads\/2025\/06\/hombre-trabajando-en-almacen-683x1024.jpg 683w, https:\/\/mifenixcargo.com\/web\/wp-content\/uploads\/2025\/06\/hombre-trabajando-en-almacen-200x300.jpg 200w, https:\/\/mifenixcargo.com\/web\/wp-content\/uploads\/2025\/06\/hombre-trabajando-en-almacen-768x1151.jpg 768w, https:\/\/mifenixcargo.com\/web\/wp-content\/uploads\/2025\/06\/hombre-trabajando-en-almacen-1024x1536.jpg 1024w, https:\/\/mifenixcargo.com\/web\/wp-content\/uploads\/2025\/06\/hombre-trabajando-en-almacen-1366x2048.jpg 1366w, https:\/\/mifenixcargo.com\/web\/wp-content\/uploads\/2025\/06\/hombre-trabajando-en-almacen-scaled.jpg 1707w\" sizes=\"auto, (max-width: 683px) 100vw, 683px\" \/><\/div><\/div><\/div><\/div><\/div><\/div><div id=\"pg-809-3\"  class=\"panel-grid panel-has-style\" ><div class=\"siteorigin-panels-stretch panel-row-style panel-row-style-for-809-3\" data-stretch-type=\"full-width-stretch\" ><div id=\"pgc-809-3-0\"  class=\"panel-grid-cell\" ><div id=\"panel-809-3-0-0\" class=\"so-panel widget widget_themegrill_flash_heading tg-widget section-title-wrapper panel-first-child panel-last-child\" data-index=\"5\" ><div class=\"aos-fade-down panel-widget-style panel-widget-style-for-809-3-0-0\" >\t<h3 class=\"section-title\">Nuestro Proceso de Almacenamiento y Gesti\u00f3n de Inventario<\/h3>\n<\/div><\/div><\/div><\/div><\/div><div id=\"pg-809-4\"  class=\"panel-grid panel-has-style\" ><div class=\"siteorigin-panels-stretch panel-row-style panel-row-style-for-809-4\" id=\"pasosmaritima\" data-stretch-type=\"full\" ><div id=\"pgc-809-4-0\"  class=\"panel-grid-cell\" ><div id=\"panel-809-4-0-0\" class=\"so-panel widget widget_siteorigin-panels-builder panel-first-child panel-last-child\" data-index=\"6\" ><div class=\"cajas1a panel-widget-style panel-widget-style-for-809-4-0-0\" ><div id=\"pl-w68f785d20fe58\"  class=\"panel-layout\" ><div id=\"pg-w68f785d20fe58-0\"  class=\"panel-grid panel-no-style\" ><div id=\"pgc-w68f785d20fe58-0-0\"  class=\"panel-grid-cell\" ><div id=\"panel-w68f785d20fe58-0-0-0\" class=\"so-panel widget widget_themegrill_flash_image tg-widget tg-image-widget panel-first-child panel-last-child\" data-index=\"0\" ><div class=\"aos-fade-down panel-widget-style panel-widget-style-for-w68f785d20fe58-0-0-0\" >\t<img decoding=\"async\" src=\"https:\/\/mifenixcargo.com\/web\/wp-content\/uploads\/2025\/06\/devolver.png\" \/>\n<\/div><\/div><\/div><div id=\"pgc-w68f785d20fe58-0-1\"  class=\"panel-grid-cell\" ><div id=\"panel-w68f785d20fe58-0-1-0\" class=\"so-panel widget widget_themegrill_flash_heading tg-widget section-title-wrapper panel-first-child panel-last-child\" data-index=\"1\" ><div class=\"aos-fade-down panel-widget-style panel-widget-style-for-w68f785d20fe58-0-1-0\" >\t<h3 class=\"section-title\">RECEPCI\u00d3N Y CONTROL DE CALIDAD<\/h3>\n<\/div><\/div><\/div><\/div><div id=\"pg-w68f785d20fe58-1\"  class=\"panel-grid panel-no-style\" ><div id=\"pgc-w68f785d20fe58-1-0\"  class=\"panel-grid-cell\" ><div id=\"panel-w68f785d20fe58-1-0-0\" class=\"so-panel widget widget_text panel-first-child panel-last-child\" data-index=\"2\" ><div class=\"aos-fade-down panel-widget-style panel-widget-style-for-w68f785d20fe58-1-0-0\" >\t\t\t<div class=\"textwidget\"><p>Al llegar a nuestras instalaciones, tu mercanc\u00eda es sometida a un riguroso proceso de <strong>recepci\u00f3n y control de calidad.<\/strong> Verificamos el estado, la cantidad y la documentaci\u00f3n, y registramos cada art\u00edculo en nuestro sistema WMS para una trazabilidad inmediata y completa.<\/p>\n<\/div>\n\t\t<\/div><\/div><\/div><\/div><\/div><\/div><\/div><\/div><div id=\"pgc-809-4-1\"  class=\"panel-grid-cell\" ><div id=\"panel-809-4-1-0\" class=\"so-panel widget widget_siteorigin-panels-builder panel-first-child panel-last-child\" data-index=\"7\" ><div class=\"cajas1a panel-widget-style panel-widget-style-for-809-4-1-0\" ><div id=\"pl-w68f785d210639\"  class=\"panel-layout\" ><div id=\"pg-w68f785d210639-0\"  class=\"panel-grid panel-no-style\" ><div id=\"pgc-w68f785d210639-0-0\"  class=\"panel-grid-cell\" ><div id=\"panel-w68f785d210639-0-0-0\" class=\"so-panel widget widget_themegrill_flash_image tg-widget tg-image-widget panel-first-child panel-last-child\" data-index=\"0\" ><div class=\"aos-fade-down panel-widget-style panel-widget-style-for-w68f785d210639-0-0-0\" >\t<img decoding=\"async\" src=\"https:\/\/mifenixcargo.com\/web\/wp-content\/uploads\/2025\/05\/cajas-1.png\" \/>\n<\/div><\/div><\/div><div id=\"pgc-w68f785d210639-0-1\"  class=\"panel-grid-cell\" ><div id=\"panel-w68f785d210639-0-1-0\" class=\"so-panel widget widget_themegrill_flash_heading tg-widget section-title-wrapper panel-first-child panel-last-child\" data-index=\"1\" ><div class=\"aos-fade-down panel-widget-style panel-widget-style-for-w68f785d210639-0-1-0\" >\t<h3 class=\"section-title\">ALMACENAMIENTO INTELIGENTE Y SEGURO<\/h3>\n<\/div><\/div><\/div><\/div><div id=\"pg-w68f785d210639-1\"  class=\"panel-grid panel-no-style\" ><div id=\"pgc-w68f785d210639-1-0\"  class=\"panel-grid-cell\" ><div id=\"panel-w68f785d210639-1-0-0\" class=\"so-panel widget widget_text panel-first-child panel-last-child\" data-index=\"2\" ><div class=\"aos-fade-down panel-widget-style panel-widget-style-for-w68f785d210639-1-0-0\" >\t\t\t<div class=\"textwidget\"><p>Asignamos a tu inventario el<strong> espacio m\u00e1s adecuado<\/strong> dentro de nuestras bodegas, considerando sus caracter\u00edsticas y requerimientos. Nuestros almacenes cuentan con sistemas de seguridad avanzados y, si es necesario, con ambientes especializados (temperatura controlada, etc.) para garantizar la integridad de tus productos.<\/p>\n<\/div>\n\t\t<\/div><\/div><\/div><\/div><\/div><\/div><\/div><\/div><div id=\"pgc-809-4-2\"  class=\"panel-grid-cell\" ><div id=\"panel-809-4-2-0\" class=\"so-panel widget widget_siteorigin-panels-builder panel-first-child panel-last-child\" data-index=\"8\" ><div class=\"cajas1a panel-widget-style panel-widget-style-for-809-4-2-0\" ><div id=\"pl-w68f785d210b48\"  class=\"panel-layout\" ><div id=\"pg-w68f785d210b48-0\"  class=\"panel-grid panel-no-style\" ><div id=\"pgc-w68f785d210b48-0-0\"  class=\"panel-grid-cell\" ><div id=\"panel-w68f785d210b48-0-0-0\" class=\"so-panel widget widget_themegrill_flash_image tg-widget tg-image-widget panel-first-child panel-last-child\" data-index=\"0\" ><div class=\"aos-fade-down panel-widget-style panel-widget-style-for-w68f785d210b48-0-0-0\" >\t<img decoding=\"async\" src=\"https:\/\/mifenixcargo.com\/web\/wp-content\/uploads\/2025\/05\/truck-bg2.png\" \/>\n<\/div><\/div><\/div><div id=\"pgc-w68f785d210b48-0-1\"  class=\"panel-grid-cell\" ><div id=\"panel-w68f785d210b48-0-1-0\" class=\"so-panel widget widget_themegrill_flash_heading tg-widget section-title-wrapper panel-first-child panel-last-child\" data-index=\"1\" ><div class=\"aos-fade-down panel-widget-style panel-widget-style-for-w68f785d210b48-0-1-0\" >\t<h3 class=\"section-title\">PREPARACI\u00d3N DE PEDIDOS Y DESPACHO<\/h3>\n<\/div><\/div><\/div><\/div><div id=\"pg-w68f785d210b48-1\"  class=\"panel-grid panel-no-style\" ><div id=\"pgc-w68f785d210b48-1-0\"  class=\"panel-grid-cell\" ><div id=\"panel-w68f785d210b48-1-0-0\" class=\"so-panel widget widget_text panel-first-child panel-last-child\" data-index=\"2\" ><div class=\"aos-fade-down panel-widget-style panel-widget-style-for-w68f785d210b48-1-0-0\" >\t\t\t<div class=\"textwidget\"><p>Gestionamos la<strong> preparaci\u00f3n de tus pedidos (picking y packing)<\/strong> con alta precisi\u00f3n y eficiencia, asegurando que cada env\u00edo contenga los art\u00edculos correctos y el embalaje adecuado. Coordinamos el <strong>despacho<\/strong> con nuestros servicios de transporte (terrestre, a\u00e9reo o mar\u00edtimo) para una salida puntual y una conexi\u00f3n fluida con la siguiente etapa de la cadena log\u00edstica.<\/p>\n<\/div>\n\t\t<\/div><\/div><\/div><\/div><\/div><\/div><\/div><\/div><\/div><\/div><div id=\"pg-809-5\"  class=\"panel-grid panel-has-style\" ><div class=\"siteorigin-panels-stretch panel-row-style panel-row-style-for-809-5\" id=\"transporteglobal\" data-stretch-type=\"full\" ><div id=\"pgc-809-5-0\"  class=\"panel-grid-cell\" ><div id=\"panel-809-5-0-0\" class=\"so-panel widget widget_siteorigin-panels-builder panel-first-child panel-last-child\" data-index=\"9\" ><div class=\"aos-fade-down panel-widget-style panel-widget-style-for-809-5-0-0\" ><div id=\"pl-w6902213a505bb\"  class=\"panel-layout\" ><div id=\"pg-w6902213a505bb-0\"  class=\"panel-grid panel-no-style\" ><div id=\"pgc-w6902213a505bb-0-0\"  class=\"panel-grid-cell\" ><div id=\"panel-w6902213a505bb-0-0-0\" class=\"so-panel widget widget_themegrill_flash_heading tg-widget section-title-wrapper panel-first-child panel-last-child\" data-index=\"0\" ><div class=\"flash_inherit_color panel-widget-style panel-widget-style-for-w6902213a505bb-0-0-0\" >\t<h3 class=\"section-title\">Transforma tu log\u00edstica con Fenix<\/h3>\n<\/div><\/div><\/div><\/div><div id=\"pg-w6902213a505bb-1\"  class=\"panel-grid panel-has-style\" ><div id=\"cotizacionCarga\" class=\"panel-row-style panel-row-style-for-w6902213a505bb-1\" ><div id=\"pgc-w6902213a505bb-1-0\"  class=\"panel-grid-cell\" ><div id=\"panel-w6902213a505bb-1-0-0\" class=\"widget_text so-panel widget widget_custom_html panel-first-child\" data-index=\"1\" ><div class=\"widget_text panel-widget-style panel-widget-style-for-w6902213a505bb-1-0-0\" ><div class=\"textwidget custom-html-widget\"><a href=\"#\" data-target=\"B\">SOLICITA UNA REUNI\u00d3N<\/a><\/div><\/div><\/div><div id=\"panel-w6902213a505bb-1-0-1\" class=\"widget_text so-panel widget widget_custom_html panel-last-child\" data-index=\"2\" ><div class=\"widget_text panel-widget-style panel-widget-style-for-w6902213a505bb-1-0-1\" ><div class=\"textwidget custom-html-widget\"><a href=\"b2-b\">SOLICITA UNA REUNI\u00d3N<\/a><\/div><\/div><\/div><\/div><\/div><\/div><\/div><\/div><\/div><\/div><\/div><\/div><\/div>","protected":false},"excerpt":{"rendered":"<p>En el din\u00e1mico mundo de la log\u00edstica, contar con soluciones de almacenamiento flexibles y tecnol\u00f3gicamente avanzadas es crucial. Nuestro servicio [&hellip;]<\/p>\n","protected":false},"author":1,"featured_media":0,"parent":0,"menu_order":0,"comment_status":"closed","ping_status":"closed","template":"page-templates\/pagebuilder.php","meta":{"footnotes":""},"class_list":["post-809","page","type-page","status-publish","hentry"],"_links":{"self":[{"href":"https:\/\/mifenixcargo.com\/web\/wp-json\/wp\/v2\/pages\/809","targetHints":{"allow":["GET"]}}],"collection":[{"href":"https:\/\/mifenixcargo.com\/web\/wp-json\/wp\/v2\/pages"}],"about":[{"href":"https:\/\/mifenixcargo.com\/web\/wp-json\/wp\/v2\/types\/page"}],"author":[{"embeddable":true,"href":"https:\/\/mifenixcargo.com\/web\/wp-json\/wp\/v2\/users\/1"}],"replies":[{"embeddable":true,"href":"https:\/\/mifenixcargo.com\/web\/wp-json\/wp\/v2\/comments?post=809"}],"version-history":[{"count":67,"href":"https:\/\/mifenixcargo.com\/web\/wp-json\/wp\/v2\/pages\/809\/revisions"}],"predecessor-version":[{"id":3287,"href":"https:\/\/mifenixcargo.com\/web\/wp-json\/wp\/v2\/pages\/809\/revisions\/3287"}],"wp:attachment":[{"href":"https:\/\/mifenixcargo.com\/web\/wp-json\/wp\/v2\/media?parent=809"}],"curies":[{"name":"wp","href":"https:\/\/api.w.org\/{rel}","templated":true}]}}